40. What is the units digit of s(-30)?
0
Suppose 3*v - 3438 - 10254 = 0. Suppose -9*r - 82 + v = 0. What is the tens digit of r?
9
What is the units digit of (357/84)/((-12 - -5)/(-31640))?
0
Suppose 0 = 2*i + 2*g - 4, 2*i + 2 + 15 = 5*g. Let w be (-1 - i)*(3 + -2). Suppose 4*b + b - 405 = w. What is the units digit of b?
1
Let j = -44 + 1. Let r = j + 55. Suppose -6*z + 180 = r. What is the tens digit of z?
2
Let c(x) = -36*x - 6*x + 4 - 8*x. Let o be c(-2). Let l = o - 91. What is the tens digit of l?
1
Suppose 4*f = 23*b - 25*b + 6780, -4*f + 5*b + 6794 = 0. What is the units digit of f?
6
Let z(s) = -49*s - 47*s + 107*s + 31. What is the units digit of z(8)?
9
Let h(d) = d. Let m(n) = -8*n - 90. Let p(l) = -3*h(l) - 3*m(l). What is the hundreds digit of p(0)?
2
Let r(l) = 73*l - 27. Suppose -3*w = -9 + 21, -2*m - 22 = 3*w. Let z(a) = -a**2 - 8*a - 11. Let o be z(m). What is the tens digit of r(o)?
6
Let y(g) = -g**3 - 3*g**2 + 7*g + 7. Let q be y(-9). What is the units digit of (5 - 3)/(2/q)?
0
Let o(p) = -18*p - 4. Let j = -113 + 60. Let s = j - -47. What is the units digit of o(s)?
4
Let i(n) = 2*n**2 - n + 66. Let h(p) = 4*p**2 - 3*p + 133. Let o(r) = -2*h(r) + 5*i(r). What is the tens digit of o(-14)?
4
Let w(s) = -s**3 + 8*s**2 - 4*s - 19. Let f be w(7). Suppose 74 = 2*j + f*p - 88, 2*j = -4*p + 164. What is the tens digit of j?
8
Let z be -1*(-148)/(-2)*3. Let o = 5678 - 5750. Let l = o - z. What is the hundreds digit of l?
1
Let p = -10888 - -15055. What is the tens digit of p?
6
Let q(v) = 4*v + 40. Let w(x) = 3. Let i(b) = -5*q(b) + 40*w(b). What is the units digit of i(-25)?
0
Suppose 0 = 6*n - 5*n + 24. Let b = -13 - n. Suppose 0 = -b*m + 16*m - 580. What is the units digit of m?
6
What is the hundreds digit of 102/255 - (3116/5)/(-2)?
3
What is the tens digit of 5/((-21)/267855*-5)?
5
Let a = -22 - -13. Let m be (-12)/a*(-30)/(-20). What is the units digit of (m/(-2))/(4/(-332))?
3
Let v = -1565 + 60664. What is the thousands digit of v?
9
Let f = -17 - -26. Suppose -n - 2*l = -1234, f*l = 4*l + 20. Suppose 11*h - 578 = n. What is the units digit of h?
4
Let z = -18 - -32. Let w be (12 - z) + 19 + 1. What is the units digit of (-118)/(-12) - ((-3)/w + 0)?
0
Let w(t) = t**3 - 30*t**2 + 8*t - 37. Suppose -3*m - m + 2*p + 126 = 0, -2*m + 66 = -2*p. What is the units digit of w(m)?
3
Suppose 73*w - 76*w = 4*x - 148804, 0 = -w + 4. What is the tens digit of x?
9
What is the ten thousands digit of (-3)/((-42)/4) + (-11)/77*-123128?
1
Suppose -2*p + 2*q = -2, -2*p + 9 = -p + 3*q. Suppose -812 = -p*w - b, 4*w + 537 = 6*w + 5*b. What is the tens digit of w?
7
Let c(d) = 20*d**3 - 2*d**2 - 43*d + 105. What is the tens digit of c(11)?
1
Suppose 1476 + 2270 = l. What is the tens digit of l?
4
Let m = 57 + -9. Let v = m + -84. Let f = v - -239. What is the units digit of f?
3
Suppose 2*w + 2*h - 7624 = -0*w, 19054 = 5*w - h. What is the units digit of w?
1
Let g = -165 + 192. Suppose -4*b + 69 = -b. Let c = b + g. What is the tens digit of c?
5
Let g = -449 - -1322. What is the hundreds digit of g?
8
Let a = 14064 - 7442. What is the units digit of a?
2
What is the tens digit of (526/(-3))/(76580/4788 + -16)?
8
Suppose -o + 700 = 3*o + 5*p, -3*o + 4*p = -494. Let m = o - 90. What is the units digit of m?
0
Suppose 5*h = 422 - 97. Let k(d) = -8*d**2 - d**3 - 22*d + 27*d**2 - h + 2*d**3 + 89. What is the tens digit of k(-20)?
6
Let o(l) be the second derivative of l**5/20 - 17*l**4/12 + l**3/6 - 13*l**2/2 - 4*l. Let f be o(17). Suppose -837 = f*j - 13*j. What is the tens digit of j?
9
Suppose 26636 = -565*y + 566*y - 21629. What is the tens digit of y?
6
Let o(n) = n**2 + 16*n - 12. Let s be o(-13). What is the units digit of 1/(-3) - 5474/s?
7
Let o(d) be the first derivative of 17*d**3/3 + d**2/2 + 7*d - 110. What is the tens digit of o(-7)?
3
Let n(f) = -8*f**2 - 3*f + 321. What is the hundreds digit of n(0)?
3
Let h(f) = 518*f**2 - 76*f + 155. What is the ten thousands digit of h(-6)?
1
Let t(n) be the second derivative of -11*n**5/10 - 13*n**3/6 - 23*n**2/2 - 7*n + 2. What is the hundreds digit of t(-2)?
1
Let r = -4704 + 6543. What is the units digit of r?
9
Let j(n) = 10*n + 5. Let y be j(-4). Let v = 21 + y. Let b = v + 24. What is the tens digit of b?
1
Let x = -250 - -216. What is the hundreds digit of (-2921)/(-5) - x/(-170)?
5
Suppose 3*m - 12 = -p, 3*p - p - 3 = m. Suppose 2*v + 714 = p*b + 122, 0 = -2*b + 2*v + 392. What is the units digit of b?
0
Suppose -159332 - 1494277 = -111*l + 171786. What is the units digit of l?
5
Suppose 88 = -5*q - 32. Let c = 15 + q. Let b = c - -16. What is the units digit of b?
7
Suppose 0 = 4*g - 6*g + 4. Suppose 0 = -l - 3*u + 189, g*u - 244 = 3*l - 822. What is the tens digit of l?
9
Let s be (-6)/4*23/(621/(-2340)). Suppose -a + s = -153. What is the hundreds digit of a?
2
Let r(q) = -75*q + 50. Let p be r(-7). Suppose 585 = 4*a - y - 2*y, -5*y = -4*a + p. What is the units digit of a?
0
Let v = 29319 + -5035. What is the thousands digit of v?
4
Let c(i) be the second derivative of i**4/12 + i**3/2 - 27*i**2/2 - 4*i. Let x be c(-12). Suppose -p = -x - 27. What is the tens digit of p?
0
Let l = -48 + 41. Let t be 1/((14/6)/l). Let h(v) = v**3 + 5*v**2 + v - 2. What is the units digit of h(t)?
3
Suppose 2*y + i = 9391, 3*y + 5*i - 14266 = -197. What is the units digit of y?
8
Suppose 1829*c = 1821*c - 104. Let y(z) = -144*z - 342. What is the units digit of y(c)?
0
Let i(u) = -1054*u**3 - 26*u**2 + 3*u - 34. What is the hundreds digit of i(-4)?
9
Suppose 14274 = -455*a + 456*a - 3*z, -5*z - 10 = 0. What is the ten thousands digit of a?
1
Let d be -3 + 4/(-3 + 4). Suppose -z - d + 5 = 0. Suppose -3*x + 2*a + 213 = 0, z*x + 0*x = -3*a + 301. What is the units digit of x?
3
Let w = 48 - 45. Suppose -w*n + m = -3*m - 427, 2*m + 141 = n. What is the tens digit of n?
4
What is the thousands digit of 59/(-1003) - 1001879*3/(-51)?
8
Suppose -4*p + 4393 = j, j - p + 1280 = 5653. Suppose -4*i - c + j = 0, -17 + 2 = -3*c. What is the units digit of i?
3
Suppose 2*l - 2606 = -5*k + 3284, 5*k - 8845 = -3*l. Suppose 7*x + 876 = l. What is the tens digit of x?
9
Let k(c) be the first derivative of 36*c**2 - 30*c + 45. What is the tens digit of k(5)?
3
Suppose -220 = -5*c - 50*c. Suppose 846 + 778 = c*j. What is the hundreds digit of j?
4
Let y(m) = m**3 + 10*m**2 - 13*m - 19. Let l be y(-11). Let w be (l - -107)*(36/8 + -4). Suppose 47 = n + 5*i + 2, -4*n + w = -5*i. What is the tens digit of n?
2
Let k(c) = -44*c + 256. Let t be k(9). Let m = t - -1375. What is the units digit of m?
5
Suppose 3*w = q + 2, 4 = 3*q - 5*q + 5*w. What is the hundreds digit of 1/q - (-10437)/42?
2
Suppose m - 3*w - 88919 = 0, 3*m - w - 194811 - 71994 = 0. What is the ten thousands digit of m?
8
Suppose 16*i + 6*i - 14322 = 0. Suppose 7180 = i*q - 641*q. What is the hundreds digit of q?
7
Let u(y) be the third derivative of -y**5/60 - 5*y**4/6 + 2*y**3 + y**2. Suppose -238 = -19*l + 33*l. What is the units digit of u(l)?
3
Let j = 23 + -23. Suppose -t - 458 = -3*k, -k - 2*t + 155 = -j*t. Suppose 6*b - k = 3*b. What is the units digit of b?
1
Let d(r) = -r**3 - 3*r**2 + 4*r - 1. Let y be d(-4). What is the tens digit of y + -6*50/(-15)?
1
Let v be 3*2/6*25. Suppose -10*m = -5*m - v. Suppose -2*s - 111 = -5*u + 194, 3*u - 183 = -m*s. What is the tens digit of u?
6
Let b(f) = -2*f**2 - 21*f - 9. Let u be b(-10). Suppose -u = -2*o - 4*t + 7, 5*o - 11 = -t. Suppose 2*k - 12 = -o*k. What is the units digit of k?
3
Let v = 77544 - 36881. What is the ten thousands digit of v?
4
Suppose 9*y - 16*y = -574. Let b = y + 1682. What is the hundreds digit of b?
7
Let x be (-4)/6 + 18/27 - -5. Suppose 28*k - 2768 = 25*k + 5*m, 0 = x*m + 5. What is the units digit of k?
1
Let m = 329 - 73. What is the hundreds digit of 3 + m + 23 + -18?
2
Suppose -3*k = 4*u - 760, k - 2*u = 5*k - 1000. What is the tens digit of (k/(-12))/(2/(-12))?
2
Let v(i) = -37963*i - 1494. What is the thousands digit of v(-1)?
6
Suppose 221493 = 27*z + 28913 - 78500. What is the hundreds digit of z?
0
Suppose 2*d + 3 + 3 = 0. Let b be (4 - -8)/d + 7. Suppose 0 = -w - 2, b*f = -f - 3*w + 262. What is the units digit of f?
7
Let g(d) = -5426*d + 3367. What is the units digit